git of q?
2
Let n be (4 - (4 - 4)) + -29. Let q = -22 - n. What is the tens digit of 5/(-10)*(q + -77)?
3
Let s(b) = b**3 + 5*b**2 + 6*b - 3. Let m be s(-3). What is the hundreds digit of ((-11)/m)/(2/90)?
1
Let x(z) = -3*z**2 - 28*z + 23. Let a be x(-10). Suppose -a*p - 7*r + 174 = -4*r, -2*r + 236 = 4*p. What is the units digit of p?
0
Let c(g) = -152*g + 33. What is the thousands digit of c(-7)?
1
Let x(h) = 13*h**2 - 2*h + 26. Let o be x(6). What is the units digit of (-4)/(-18) + o/18?
7
Suppose 3*t + 7*s + 7 = 3*s, 5*s - 61 = 4*t. Let l = t + 8. What is the tens digit of 4 + 49 - l - -2?
5
Suppose 3039 = 5*w + 2*q, 5*w = 3*q - 4*q + 3042. What is the units digit of w?
9
Suppose 3*h = 3*a + 1980, 2*h - 4*h - 2*a = -1324. What is the tens digit of h?
6
Let l(w) = 2*w**3 - 15*w**2 + 34*w + 7. What is the thousands digit of l(14)?
3
Let g(f) = f**2 - 6. Let c be g(-3). Suppose -140 = -3*l + l - 5*p, -4*p - 256 = -c*l. What is the units digit of l?
0
What is the hundreds digit of 37140/(-75)*35/(-28)?
6
Let h(k) = -7*k**3 - 2*k**2 - 42*k - 17. What is the thousands digit of h(-6)?
1
Suppose 2*p = 4*c - 590, 2*p + 136 = 5*c - 602. Suppose -6*t = -5*t - c. What is the units digit of t?
8
Suppose 6 = -k + 2*k. Suppose -4*x - k = -2. What is the units digit of 266/8 + x/4?
3
Let t be 70/10 + 0/1. Suppose 3*v - t*v + 72 = 0. Suppose 2*o = -0*o + 4*d - v, -3*o = 4*d - 23. What is the units digit of o?
1
Let k(p) = 8*p + 12. Let a(h) = 20*h + 30. Let r(u) = -5*a(u) + 12*k(u). What is the units digit of r(-14)?
0
Suppose -5*s + 2916 = -4*d, -3*s + 2*d + 1310 + 440 = 0. Suppose 3*y = 2*f - s + 203, -2*f + 4*y + 376 = 0. What is the units digit of f?
8
Let z(p) = -p**2 + p + 2. Let r be z(0). Let o be (-12)/(-8) - (-1)/r. Suppose 4 + 2 = o*g. What is the units digit of g?
3
Let t(z) = 9*z**3 + 2*z**2 - 2*z + 4. What is the tens digit of t(4)?
0
Let y = 2837 - 2009. Suppose -5*i - 5*o = -600 - 200, 5*i - y = 2*o. What is the hundreds digit of i?
1
Let g be (2/(-5))/((-18)/90). Suppose g*l = 3*l + 20. What is the tens digit of -2*(l + (-9)/(-3))?
3
Suppose -2*q + 64 = -3*q. Let p = -52 - q. What is the units digit of p?
2
Let y be ((-31)/62)/((-1)/14 - 0). Suppose 2236 - 717 = y*w. What is the tens digit of w?
1
What is the hundreds digit of 6566/16 + 4/(64/(-6))?
4
Suppose 9 = 4*k + 3*h, 4*h = 4*k + 14 - 58. Suppose j - k*g = -g + 8, -3 = 3*g. Suppose -2*c = j - 43. What is the tens digit of c?
2
Let h(d) = -d**2 + 4*d. Let u be h(3). Suppose 8 = k + u*k, -4*k = -4*z + 364. What is the units digit of z?
3
Let v(w) = w**2 + 5*w + 3. Let s be v(6). Suppose s = 5*q - 11. What is the tens digit of q?
1
Suppose -78*a = -73*a - 4785. What is the hundreds digit of a?
9
Let h(s) = -2*s**2 - 9*s - 6. Let t be h(-7). Let g = 59 + t. Let w = 9 + g. What is the tens digit of w?
2
Let t be (-1202)/10 + 11/55. Let n = 244 + t. What is the tens digit of n?
2
Let y = -281 - -456. What is the tens digit of y?
7
Suppose -24 = -5*h + g, -3*h + 5*g + 32 = -0*g. Suppose 3*t = 5*t + h*v, v = -2*t + 3. Suppose -y - t + 4 = 0. What is the units digit of y?
2
Let v(g) = g**3 + 8*g**2 + 11*g - 11. Let x be v(-6). Let n(o) = -16*o + 8. What is the tens digit of n(x)?
8
Suppose 0 = 4*x + x - 20. What is the units digit of 3 - (1 - 12/x)?
5
Suppose -5*v - w - w + 19 = 0, 5*v - 3*w - 9 = 0. Let k(u) = u**v + 18*u**2 - 10 - 3*u**3 - 11*u**2 + u**3 + 10*u. What is the tens digit of k(7)?
6
Let j = -33 + 35. Suppose -210 = -j*n - 4*y + 2*y, -307 = -3*n + 5*y. What is the hundreds digit of n?
1
Suppose -2*c = 5*v - 23, -5*c - v + 26 = v. Let x be 97/4 - 1/c. Let l = x - -11. What is the units digit of l?
5
Suppose -5*m + p + 61 = 0, 17 = 2*m - m - 5*p. What is the units digit of m?
2
Let x(h) = -h**3 + 10*h**2 + 11*h + 1. Let l(d) = 2*d**2 - 8*d + 8. Let p be l(4). What is the tens digit of x(p)?
1
Let v be (-2 + 61 - 4) + -2. Let b = -2 + v. What is the units digit of b?
1
Suppose 5*a - 25243 = -h, -4*h + 15139 = 21*a - 18*a. What is the hundreds digit of a?
0
Suppose -27*d = -36*d + 24678. What is the tens digit of d?
4
Suppose 3*r - 2*r + 2*d = 1789, 0 = 4*r - 5*d - 7091. What is the tens digit of r?
7
Let t(h) be the third derivative of h**5/60 + h**4/8 + 11*h**3/6 - 4*h**2. What is the tens digit of t(-6)?
2
Let s = 33 - 22. Let i(q) = -q**3 + 11*q**2 + q + 1. Let j be i(11). Let r = j - s. What is the units digit of r?
1
Let j(h) = -6*h + 5. Let s(a) = -6*a + 4. Let k(b) = -5*j(b) + 6*s(b). Let n(c) = 31*c + 6. Let q(u) = -11*k(u) - 2*n(u). What is the units digit of q(5)?
9
Suppose 5*l + 5 = 50. What is the tens digit of 1516/18 + (-2)/l?
8
What is the tens digit of (-13)/(91/(-2590)) + -2?
6
Suppose 4*d - 945 + 9 = 0. Suppose 4*p = -82 + d. What is the tens digit of p?
3
Let z(j) = -j**2 + 9*j - 6. Let m be z(8). Suppose 5*t + 25 = -3*p, -m*p + 2*t = -3*p - 10. Suppose 3*r - 8 - 28 = p. What is the tens digit of r?
1
Let o(i) = 39*i - 49. What is the hundreds digit of o(16)?
5
Let z(x) = -3*x**3 - x + 201. Let f(t) = 16*t**3 + 5*t - 1006. Let j(g) = 2*f(g) + 11*z(g). What is the units digit of j(0)?
9
What is the tens digit of (525/(-14))/15*1072/(-5)?
3
Let r(b) be the third derivative of 3/20*b**5 + 2*b**2 - 5/24*b**4 - 1/120*b**6 + 0*b + 0 - 1/2*b**3. What is the units digit of r(8)?
1
Let n(h) = h**2 - 10*h + 1. Let q be n(7). Let z(p) = -2*p + 44. What is the units digit of z(q)?
4
Suppose 416 = 3*m + 14. Let n = 202 - m. What is the units digit of n?
8
Let w(j) = j**2 - 4*j + 10. Let l be w(5). Suppose -3*y = 3*k + k - 9, -5*y + l = -3*k. What is the units digit of (-3 - -4) + 2 - k?
3
Let p = -61 - -66. Suppose 0*o + 2*o + p*d = 465, 0 = 2*o - 2*d - 486. What is the tens digit of o?
4
Suppose 0 = 5*t - 14 - 31. Suppose 265 = 3*p + 2*n, -4*p + t*n - 4*n = -315. What is the units digit of p?
5
Let r(c) = -c**2 + 15*c - 13. Let p = 26 + -12. Let t be r(p). Let h(a) = 60*a**3 + a - 2. What is the tens digit of h(t)?
5
Suppose -204 = -x - 3*x. Let l(w) = w**3 - 26*w**2 - 57*w + 32. Let c be l(28). What is the units digit of 4/c + x - 1?
1
Let g(a) = -1860*a**2 + 3720*a**2 - 1859*a**2 - 10*a + 12. Let j = -8 + 18. What is the tens digit of g(j)?
1
Suppose 0 = 77*a - 82*a + 1125. Suppose 4*k - 1009 + a = 0. What is the units digit of k?
6
Suppose -5*t + 3*r = -173, 40 - 146 = -3*t + 4*r. Suppose -a + 14 = 2*b - 0, 0 = 5*b + 3*a - t. What is the tens digit of 162/8 + 6/b?
2
Let x(w) = -w**3 + w**2 + 8. Let h be x(0). What is the tens digit of 85 - (-3 + 0 + h)?
8
Let u(h) be the first derivative of h**4/4 + 7*h**3/3 - 3*h - 74. Let i(a) = -2*a + 5. Let t be i(5). What is the tens digit of u(t)?
4
Let i(n) = n + 18. Let o be i(-14). Let t(j) = 13*j + 1. What is the units digit of t(o)?
3
Let r be 7/(-28) + (-1)/(-4). Suppose 4*j = -r*j + 292. Suppose z - 3*g = 20, -4*z + 0*g + j = -5*g. What is the tens digit of z?
1
Suppose 535 - 76 = w. What is the hundreds digit of w?
4
Let r = 267 + -140. What is the units digit of r?
7
Suppose -34*f + 35*f = 440. What is the hundreds digit of f?
4
Suppose -585 = 5*p - 190. Let r = p - -175. What is the tens digit of r?
9
Let z(p) = 7*p - 1. Suppose -2*s + 3 = -5. What is the tens digit of z(s)?
2
Suppose -8*a + 3*a - 15 = 0, -3*m - a = -75. What is the tens digit of m?
2
Let d be (-18)/(-4) + 0 + 1/2. Suppose 201 = 3*u - d*f - 214, 0 = -3*u - f + 385. What is the units digit of u?
0
Let g(v) = 3*v**2 + 1. Let i be g(-1). Let d(u) = u**3 - u**2 - 5*u + 2. Let y be d(i). Suppose -3*f + 42 = -y. What is the units digit of f?
4
Let z(w) = -4*w + 34. Let l be z(12). Let t be (87/(-2) + 1)*2. Let u = l - t. What is the units digit of u?
1
Suppose 5*c - 2359 = 4*y, 2*c + 2*y + 1892 = 6*c. Let o = -285 + c. What is the units digit of o?
0
Let h(j) = 4*j**2 + 3*j - 94. What is the thousands digit of h(-20)?
1
Let k = -37 + 41. Suppose -10*m + k*m = -36. What is the units digit of m?
6
Let t(q) = q**2 + 16*q + 7. Let u be ((-66)/(-8))/((-30)/80). What is the tens digit of t(u)?
3
Let q be ((-4)/(-16))/(3/24). Suppose -6*s = -q*s - 420. Suppose -3*w + 0*f + 63 = -5*f, 0 = -5*w + 4*f + s. What is the tens digit of w?
2
Let b = -79 + 142. Suppose -5*a + w = -49, 0 = -5*a - 4*w + b - 9. Suppose -a*r + 5*r + 5 = 0. What is the units digit of r?
1
Let i